{"id":34,"date":"2022-12-26T20:07:40","date_gmt":"2022-12-26T19:07:40","guid":{"rendered":"http:\/\/svkvmkc.cluster031.hosting.ovh.net\/?page_id=34"},"modified":"2023-03-07T00:35:52","modified_gmt":"2023-03-06T23:35:52","slug":"le-theatre-des-brunes-a-avignon","status":"publish","type":"page","link":"https:\/\/scenedejeu.com\/index.php\/le-theatre-des-brunes-a-avignon\/","title":{"rendered":"Le Th\u00e9\u00e2tre des Brunes \u00e0 Avignon"},"content":{"rendered":"\n<div style=\"height:100px\" aria-hidden=\"true\" class=\"wp-block-spacer\"><\/div>\n\n\n\n<div class=\"wp-block-uagb-container uagb-block-1b632e1e alignfull uagb-is-root-container\"><div class=\"uagb-container-inner-blocks-wrap\">\n<h1 class=\"has-text-align-center has-ffffff-background-color has-background wp-block-heading\">Le Th\u00e9\u00e2tre des Brunes \u00e0 Avignon<\/h1>\n<\/div><\/div>\n\n\n\n<div style=\"height:50px\" aria-hidden=\"true\" class=\"wp-block-spacer\"><\/div>\n\n\n\n<div class=\"wp-block-uagb-container uagb-block-f9439a1e alignfull uagb-is-root-container\"><div class=\"uagb-container-inner-blocks-wrap\">\n<h2 class=\"wp-block-heading\">UN LIEU UNIQUE<\/h2>\n\n\n\n<p>Vous \u00eates \u00e0 la recherche d\u2019un lieu pour accueillir votre s\u00e9minaire d\u2019entreprise ? Vous voulez proposer \u00e0 vos collaborateurs des ateliers de formation ? Ou vous cherchez tout simplement un endroit atypique pour organiser votre \u00e9v\u00e9nement ? Le Th\u00e9\u00e2tre des Brunes est le lieu qu\u2019il vous faut !<\/p>\n\n\n\n<p>Au c\u0153ur de la ville d\u2019Avignon, le Th\u00e9\u00e2tre des Brunes vous accueille pour vos \u00e9v\u00e9nements d\u2019entreprise, vos s\u00e9minaires, team building ou vos f\u00eates de fin d\u2019ann\u00e9e.<\/p>\n\n\n\n<p>Avec une capacit\u00e9 de 100 places dans sa salle principale, le Th\u00e9\u00e2tre des Brunes est le cadre id\u00e9al pour vos rencontres et rassemblements. Installez vos collaborateurs dans de confortables banquettes pour vos conf\u00e9rences et s\u00e9minaires, ou proposez leur de monter sur sc\u00e8ne pour des ateliers de prise de parole ou match d\u2019impros !<\/p>\n<\/div><\/div>\n\n\n\n<div class=\"wp-block-uagb-container uagb-block-a52c1d41 alignfull uagb-is-root-container\"><div class=\"uagb-container-inner-blocks-wrap\">\n<div style=\"height:50px\" aria-hidden=\"true\" class=\"wp-block-spacer\"><\/div>\n\n\n\n<div id=\"wp-block-themeisle-blocks-slider-5226a16d\" class=\"wp-block-themeisle-blocks-slider glide\" data-per-view=\"1\" data-gap=\"0\" data-peek=\"0\" data-autoplay=\"true\" data-height=\"400px\" data-hide-arrows=\"false\"><div class=\"glide__track\" data-glide-el=\"track\"><div class=\"glide__slides\"><div class=\"wp-block-themeisle-blocks-slider-item-wrapper glide__slide\" tabindex=\"0\"><figure><img decoding=\"async\" class=\"wp-block-themeisle-blocks-slider-item\" src=\"https:\/\/scenedejeu.com\/wp-content\/uploads\/2023\/03\/BRUNES-8.webp\" alt=\"\" title=\"\" data-id=\"3010\"\/><\/figure><\/div><div class=\"wp-block-themeisle-blocks-slider-item-wrapper glide__slide\" tabindex=\"0\"><figure><img decoding=\"async\" class=\"wp-block-themeisle-blocks-slider-item\" src=\"https:\/\/scenedejeu.com\/wp-content\/uploads\/2023\/03\/BRUNES-7.webp\" alt=\"\" title=\"\" data-id=\"3009\"\/><\/figure><\/div><div class=\"wp-block-themeisle-blocks-slider-item-wrapper glide__slide\" tabindex=\"0\"><figure><img decoding=\"async\" class=\"wp-block-themeisle-blocks-slider-item\" src=\"https:\/\/scenedejeu.com\/wp-content\/uploads\/2023\/03\/BRUNES-6.webp\" alt=\"\" title=\"\" data-id=\"3008\"\/><\/figure><\/div><div class=\"wp-block-themeisle-blocks-slider-item-wrapper glide__slide\" tabindex=\"0\"><figure><img decoding=\"async\" class=\"wp-block-themeisle-blocks-slider-item\" src=\"https:\/\/scenedejeu.com\/wp-content\/uploads\/2023\/03\/BRUNES-5.webp\" alt=\"\" title=\"\" data-id=\"3007\"\/><\/figure><\/div><div class=\"wp-block-themeisle-blocks-slider-item-wrapper glide__slide\" tabindex=\"0\"><figure><img decoding=\"async\" class=\"wp-block-themeisle-blocks-slider-item\" src=\"https:\/\/scenedejeu.com\/wp-content\/uploads\/2023\/03\/BRUNES-4.webp\" alt=\"\" title=\"\" data-id=\"3006\"\/><\/figure><\/div><div class=\"wp-block-themeisle-blocks-slider-item-wrapper glide__slide\" tabindex=\"0\"><figure><img decoding=\"async\" class=\"wp-block-themeisle-blocks-slider-item\" src=\"https:\/\/scenedejeu.com\/wp-content\/uploads\/2023\/03\/BRUNES-3.jpeg\" alt=\"\" title=\"\" data-id=\"3005\"\/><\/figure><\/div><div class=\"wp-block-themeisle-blocks-slider-item-wrapper glide__slide\" tabindex=\"0\"><figure><img decoding=\"async\" class=\"wp-block-themeisle-blocks-slider-item\" src=\"https:\/\/scenedejeu.com\/wp-content\/uploads\/2023\/03\/BRUNES-2.png\" alt=\"\" title=\"\" data-id=\"3004\"\/><\/figure><\/div><\/div><div class=\"glide__bullets\" data-glide-el=\"controls[nav]\"><button class=\"glide__bullet\" data-glide-dir=\"=0\"><\/button><button class=\"glide__bullet\" data-glide-dir=\"=1\"><\/button><button class=\"glide__bullet\" data-glide-dir=\"=2\"><\/button><button class=\"glide__bullet\" data-glide-dir=\"=3\"><\/button><button class=\"glide__bullet\" data-glide-dir=\"=4\"><\/button><button class=\"glide__bullet\" data-glide-dir=\"=5\"><\/button><button class=\"glide__bullet\" data-glide-dir=\"=6\"><\/button><\/div><\/div><\/div>\n<\/div><\/div>\n\n\n\n<div style=\"height:50px\" aria-hidden=\"true\" class=\"wp-block-spacer\"><\/div>\n\n\n\n<div class=\"wp-block-uagb-container uagb-block-d99bf825 alignfull uagb-is-root-container\"><div class=\"uagb-container-inner-blocks-wrap\">\n<h2 class=\"wp-block-heading\"><strong>notre expertise<\/strong><\/h2>\n\n\n\n<p>Riche de son r\u00e9seau de com\u00e9diens et metteurs en sc\u00e8ne professionnels, le Th\u00e9\u00e2tre des Brunes vous propose ses propres activit\u00e9s de team building, \u00e0 destination des entreprises : atelier de confiance en soi, jeu d\u2019enqu\u00eate en immersion, initiation \u00e0 la boxe tha\u00ef, d\u00e9couvrez notre vaste offre d\u2019activit\u00e9s ! Nos \u00e9quipes sont \u00e0 votre disposition pour organiser votre \u00e9v\u00e9nement sur mesure.<\/p>\n\n\n\n<p>Une option traiteur vous est \u00e9galement propos\u00e9e : petit d\u00e9jeuner, d\u00e9jeuner, cocktail d\u00eenatoire, selon vos besoins et pr\u00e9f\u00e9rences. Le vaste hall du th\u00e9\u00e2tre vous promets une ambiance chaleureuse et conviviale, pour des \u00e9v\u00e9nements r\u00e9ussis !<\/p>\n<\/div><\/div>\n\n\n\n<div style=\"height:50px\" aria-hidden=\"true\" class=\"wp-block-spacer\"><\/div>\n\n\n\n<div class=\"wp-block-buttons is-horizontal is-content-justification-center is-layout-flex wp-container-core-buttons-is-layout-03627597 wp-block-buttons-is-layout-flex\">\n<div class=\"wp-block-button has-custom-width wp-block-button__width-50 has-custom-font-size has-medium-font-size\"><a class=\"wp-block-button__link wp-element-button\" href=\"https:\/\/www.theatredesbrunes.fr\/\" style=\"padding-top:var(--wp--preset--spacing--40);padding-right:var(--wp--preset--spacing--40);padding-bottom:var(--wp--preset--spacing--40);padding-left:var(--wp--preset--spacing--40)\"><strong>Vers le site des brunes<\/strong><\/a><\/div>\n<\/div>\n","protected":false},"excerpt":{"rendered":"","protected":false},"author":1,"featured_media":0,"parent":0,"menu_order":0,"comment_status":"closed","ping_status":"closed","template":"","meta":{"_uag_custom_page_level_css":"","site-sidebar-layout":"default","site-content-layout":"default","ast-global-header-display":"","ast-main-header-display":"","ast-hfb-above-header-display":"","ast-hfb-below-header-display":"","ast-hfb-mobile-header-display":"","site-post-title":"disabled","ast-breadcrumbs-content":"","ast-featured-img":"","footer-sml-layout":"","theme-transparent-header-meta":"","adv-header-id-meta":"","stick-header-meta":"","header-above-stick-meta":"","header-main-stick-meta":"","header-below-stick-meta":"","_themeisle_gutenberg_block_has_review":false,"footnotes":""},"class_list":["post-34","page","type-page","status-publish","hentry"],"uagb_featured_image_src":{"full":false,"thumbnail":false,"medium":false,"medium_large":false,"large":false,"1536x1536":false,"2048x2048":false},"uagb_author_info":{"display_name":"admin8994","author_link":"https:\/\/scenedejeu.com\/index.php\/author\/admin8994\/"},"uagb_comment_info":0,"uagb_excerpt":null,"_links":{"self":[{"href":"https:\/\/scenedejeu.com\/index.php\/wp-json\/wp\/v2\/pages\/34","targetHints":{"allow":["GET"]}}],"collection":[{"href":"https:\/\/scenedejeu.com\/index.php\/wp-json\/wp\/v2\/pages"}],"about":[{"href":"https:\/\/scenedejeu.com\/index.php\/wp-json\/wp\/v2\/types\/page"}],"author":[{"embeddable":true,"href":"https:\/\/scenedejeu.com\/index.php\/wp-json\/wp\/v2\/users\/1"}],"replies":[{"embeddable":true,"href":"https:\/\/scenedejeu.com\/index.php\/wp-json\/wp\/v2\/comments?post=34"}],"version-history":[{"count":3,"href":"https:\/\/scenedejeu.com\/index.php\/wp-json\/wp\/v2\/pages\/34\/revisions"}],"predecessor-version":[{"id":3012,"href":"https:\/\/scenedejeu.com\/index.php\/wp-json\/wp\/v2\/pages\/34\/revisions\/3012"}],"wp:attachment":[{"href":"https:\/\/scenedejeu.com\/index.php\/wp-json\/wp\/v2\/media?parent=34"}],"curies":[{"name":"wp","href":"https:\/\/api.w.org\/{rel}","templated":true}]}}